1 = 2*x - 4*x. Let f = -50 - x. Suppose 4*b = -5*d + 1022, -21*b + 20*b + 259 = 3*d. What is the greatest common divisor of f and b?
23
Let j = -9 + 1. Let c = j + 38. Calculate the highest common divisor of 135 and c.
15
Suppose 7*l - 21 - 273 = 0. Suppose 0*w + 5*w = -10, 3*w = -5*i + 519. Calculate the greatest common factor of i and l.
21
Let d(g) = g**3 + 2*g**2 - 14*g + 9. Let v be d(-5). Calculate the highest common factor of 76 and v.
4
Let g be 215/(-15)*-3 + -8. What is the highest common factor of 135 and g?
5
Let n = 12 + -7. Let s(h) = -8*h**3 + 24*h**3 + 2 + 2*h - 5*h**3 - 10*h**3. Let c be s(3). Calculate the highest common divisor of n and c.
5
Let z = -23 - -26. Suppose 0*b + 426 = 2*l - z*b, l = -5*b + 200. What is the greatest common divisor of 21 and l?
21
Suppose -10 = -5*k + 30. Let a be ((-592)/k)/(1*-2). Calculate the highest common factor of a and 296.
37
Let a = 135 + -133. Suppose 5*z = 2*x - 48, a*x + 42 = 3*x + 2*z. Suppose 3*u - 255 = -2*u. What is the greatest common factor of x and u?
17
Suppose 0 = -5*c + 60 - 20. Suppose 0 = -298*j + 153*j + 4640. What is the greatest common divisor of c and j?
8
Let z be (-83 + 183)/(0 + 6/99). Calculate the highest common factor of z and 66.
66
Suppose -6*w + 510 = -w. Let v be -20 - -20 - (-7 - -1). Let f be ((-2)/(-2))/(v/102). What is the greatest common factor of f and w?
17
Let h be 2/((-7515)/3762 + 2). What is the greatest common divisor of h and 22?
22
Let o(q) = q**3 - q**2 - q + 21. Let l be o(0). Let h = 48 - l. What is the greatest common factor of 27 and h?
27
Let i be 20 + -1 + (-3 - -3). Let o(r) = -11 - 2*r - 6 + i. Let w be o(-5). What is the highest common divisor of w and 36?
12
Let j = 45 + 45. What is the greatest common divisor of j and 54?
18
Let s(z) = -z**3 - 7*z**2 + 28. Let b be s(-8). Let o = b - 82. What is the greatest common factor of o and 25?
5
Suppose 2*t + 3*t + 48 = 3*g, 15 = -5*t. Suppose 8 = -g*s + 15*s. What is the highest common factor of 7 and s?
1
Let x(k) = k**3 + 4*k**2 - 7*k. Let c(j) = 7*j + 37. Let p be c(-6). Let a be x(p). What is the highest common factor of a and 4?
2
Suppose -6*s = -10 - 74. What is the greatest common factor of s and 154?
14
Let u = -60 + 86. Let d be (u/6)/((-4)/(-12)). Suppose 5*m = 494 + 26. Calculate the highest common factor of d and m.
13
Let z be (-2 + 4 + -1)*-11. Let u = z - -16. Calculate the highest common divisor of 5 and u.
5
Suppose -2*f - 41 - 133 = 0. Let k = f - -208. What is the highest common factor of 11 and k?
11
Let g(s) be the first derivative of s**2/2 + 10*s + 6. Let i be g(-9). Let u(k) = -2*k - 6. Let m be u(-4). What is the greatest common divisor of m and i?
1
Suppose 5*l - 3*z - 110 = -8*z, -z + 4 = 0. Calculate the highest common divisor of 18 and l.
18
Let j be 7 + -5 + (9 - 3) + 1. Calculate the highest common factor of j and 36.
9
Let f be (-647)/(-8) - (-1)/8. Let x be ((-2)/(-3))/(2/f). Calculate the highest common factor of x and 9.
9
Suppose 17*o = 12*o - 10, 3*x - 5*o = 202. Calculate the greatest common divisor of 6 and x.
2
Let k = 0 + 5. Suppose -3*w + k*w = 72. Let i(t) = -5*t + 29. Let q be i(5). Calculate the greatest common factor of w and q.
4
Let i(k) = -13*k - 8. Let l be i(-3). Calculate the highest common factor of l and 496.
31
Suppose 4 = 2*d, d = 2*n + 4*d - 2. Let y be (-18139)/(-66) - n/12. Let q = 12 + 13. What is the greatest common factor of q and y?
25
Let g(d) = 4*d**2 - 2*d + 1. Let o be g(1). What is the greatest common factor of o and 39?
3
Let q = 12 + -6. Let m(s) = 5 + q + 5 - 13 + 3*s. Let n be m(9). Calculate the highest common factor of 75 and n.
15
Suppose 5*r - 5*w = 40, 3*r - 2*w - 7 = 14. Calculate the greatest common divisor of 15 and r.
5
Let n(o) = o**2 + 10*o - 9. Let w(j) = 2*j**2 + 19*j - 17. Let y(g) = -5*n(g) + 3*w(g). Let z be y(-9). What is the highest common factor of z and 12?
12
Let r = -6 - -8. Suppose 0 = 3*l + s - 55, -5*s + 16 = r*l - 25. What is the highest common factor of 54 and l?
18
Suppose -5*h - 9 = 101. Let z be (-6)/(-4) + 11/h. Suppose 7 = r + z. What is the greatest common factor of 48 and r?
6
Let o = 59 + -51. Let a be o/((-4)/6*15/(-35)). What is the greatest common divisor of 42 and a?
14
Let y be 30/(-4)*(-24)/60. Let b be (1 - 0)/(1/y). Suppose -b*f - 900 = -8*f. Calculate the greatest common factor of f and 20.
20
Suppose 0 = 27*b - 31*b + 5*c + 2569, 5*c = -25. What is the greatest common factor of 24 and b?
12
Suppose -10 = -16*y + 14*y. Calculate the highest common divisor of 125 and y.
5
Suppose 10*y + 144 = 5*o + 13*y, -4*y + 93 = 3*o. What is the greatest common factor of o and 729?
27
Let w be -48*630/(-54)*2/10. Let s be (-210)/(-9)*(-6)/(-5). Calculate the highest common factor of w and s.
28
Let g be (-62)/(-8) + (-1)/(-4). Suppose k - 8*k - 301 = 0. Let z = -11 - k. What is the greatest common divisor of z and g?
8
Let c be (-4)/5*(17 + -22). Suppose -31 - 23 = -3*g - 4*y, c*g + 2*y - 72 = 0. What is the highest common divisor of 63 and g?
9
Suppose 481 + 254 = 7*v. Calculate the greatest common factor of 147 and v.
21
Let k = 2 + 10. Let w(r) = -r**2 + 18*r - 9. Let x be w(k). Suppose x = 3*q - 0*q. What is the greatest common factor of q and 168?
21
Suppose 8*t = 705 + 1087. Suppose -112 = -5*l + l. Calculate the greatest common factor of t and l.
28
Suppose -22*t - 430 = -32*t. Let j = 116 - 73. What is the highest common divisor of j and t?
43
Suppose -4*q - 20 = 0, 4*v - 196 = -q + 143. What is the greatest common factor of 301 and v?
43
Suppose -2*t - 84 = -5*w + 585, 660 = 5*w - 5*t. Let b be (-1 - -18) + 1*-2. Calculate the highest common factor of w and b.
15
Let j(q) = -25*q - 5. Let p be j(-6). Let t be (-2 - (-32)/14) + 14140/245. Calculate the highest common factor of t and p.
29
Let o(n) be the third derivative of -n**4/12 + 7*n**3/6 + 12*n**2. Let h be o(-10). What is the greatest common factor of 54 and h?
27
Let o = -1902 - -1986. Calculate the highest common factor of 48 and o.
12
Let u(a) = a + 28. Let j be u(4). Suppose 72 - j = 2*o. Suppose 0 = -4*t + 48 - 16. What is the greatest common divisor of o and t?
4
Let v = -129 - -84. Let x be ((-8)/3)/(10/v). Let l be (-12)/((-1)/((-2)/(-2))). Calculate the highest common divisor of x and l.
12
Let l(c) = 7*c**2 + c - 2. Let w be 5*((-11)/5 + -2). Let i = w + 19. Let h be l(i). Calculate the greatest common factor of h and 3.
3
Let o = -51 + 84. Let r = o + -25. Let p be (-2)/8 + (-194)/(-8). What is the greatest common divisor of r and p?
8
Let p(m) = 7*m**3 + 3*m**2 - m - 3. Let y be p(-2). Let h = -12 - y. What is the greatest common divisor of h and 363?
33
Let u be (-10 + 10/2)*-1. Suppose -3*m + u*m = 44. Calculate the greatest common divisor of m and 242.
22
Suppose -x - 2*k = -13, 2*x + x + 3*k - 36 = 0. Suppose 2*f + 2*r = 18, -7*f = -4*f + 4*r - 25. What is the highest common factor of x and f?
11
Let g be -4 + 5/(10/38). Let p be g/(-20) + (-117)/(-12). What is the greatest common factor of 1 and p?
1
Suppose 2*m = 4*n - 18, -2*n + 6*n + 2*m = -2. Suppose n*k - 1 = 3*g - 33, 3*g - 67 = -5*k. Calculate the greatest common factor of 35 and g.
7
Let d(o) = 10*o**2 + 4*o - 30. Let b be d(5). Calculate the greatest common factor of 20 and b.
20
Let p be 1/(-5) - 26/(-5). Calculate the greatest common factor of 35 and p.
5
Suppose -61 = 4*l + x - 101, -2*l + 5*x = -20. Let k = -12 + 22. What is the highest common divisor of l and k?
10
Let d(f) = f**3 - 9*f**2 - 16*f + 51. Let h be d(11). Calculate the greatest common factor of h and 26.
13
Let b(k) = 6*k + 240. Let r be b(-36). Calculate the highest common divisor of r and 12.
12
Let d = -122 - -507. Calculate the highest common divisor of 140 and d.
35
Let a(v) = -30*v + 3. Let l be a(-2). Let h be 658/98 - 2/(-7). What is the highest common divisor of h and l?
7
Let r(y) = -2*y + 16. Let w be r(7). Let a(f) = 7*f**2 + 2*f - 2. Let l be a(w). Calculate the greatest common divisor of 75 and l.
15
Suppose 9*v = 3*y + 4*v - 5, 0 = 4*v + 4. Suppose -5*k - 4*c + 2*c = -632, y = 2*k - c - 260. Calculate the highest common divisor of 16 and k.
16
Let v be (-4)/(-8)*(7 + 99). Calculate the highest common factor of 1 and v.
1
Let g be 4/(-26) - 25380/(-195). Suppose -16